{"id":205170,"date":"2026-08-31T18:41:19","date_gmt":"2026-08-31T21:41:19","guid":{"rendered":"https:\/\/design.novoambiente.com\/produto\/in-side-sofa\/"},"modified":"2026-08-31T19:29:05","modified_gmt":"2026-08-31T22:29:05","slug":"in-side-sofa","status":"publish","type":"product","link":"https:\/\/design.novoambiente.com\/en\/product\/in-side-sofa\/","title":{"rendered":"In-Side Sofa"},"content":{"rendered":"<p>In-Side, Thomas Heatherwick\u2019s new outdoor collection, uses rotational molding production technology to highlight the material in an extraordinary way. In-Side is an invitation to explore its two dimensions: the outside and the inside, revealed on the side.<br \/>\nThe material is a blend of post-consumer recycled polyethylene and post-industrial recycled polyethylene in multicolored flakes, created through careful research and experimentation. This material, combined with the production technology, creates an unexpected inner surface that, by revealing its multicolored texture, becomes the collection\u2019s distinctive feature.  <\/p>\n","protected":false},"excerpt":{"rendered":"In-Side, Thomas Heatherwick\u2019s new outdoor collection, uses rotational molding production technology to highlight the material in an&#8230;","protected":false},"featured_media":205174,"template":"","meta":{"_acf_changed":false},"product_brand":[],"product_cat":[3418,3429],"product_tag":[],"colecao":[],"3d":[3462],"class_list":["post-205170","product","type-product","status-publish","has-post-thumbnail","product_cat-outdoor-area","product_cat-sofas","pa_designer-thomas-heatherwick","3d-arquivos-3d","first","instock","shipping-taxable","product-type-variable"],"acf":[],"yoast_head":"<!-- This site is optimized with the Yoast SEO plugin v27.7 - https:\/\/yoast.com\/product\/yoast-seo-wordpress\/ -->\n<title>In-Side Sofa - Novo Ambiente | Cat\u00e1logo<\/title>\n<meta name=\"robots\" content=\"index, follow, max-snippet:-1, max-image-preview:large, max-video-preview:-1\" \/>\n<link rel=\"canonical\" href=\"https:\/\/design.novoambiente.com\/en\/product\/in-side-sofa\/\" \/>\n<script type=\"application\/ld+json\" class=\"yoast-schema-graph\">{\"@context\":\"https:\\\/\\\/schema.org\",\"@graph\":[{\"@type\":\"WebPage\",\"@id\":\"https:\\\/\\\/design.novoambiente.com\\\/en\\\/product\\\/in-side-sofa\\\/\",\"url\":\"https:\\\/\\\/design.novoambiente.com\\\/en\\\/product\\\/in-side-sofa\\\/\",\"name\":\"In-Side Sofa - Novo Ambiente | Cat\u00e1logo\",\"isPartOf\":{\"@id\":\"https:\\\/\\\/design.novoambiente.com\\\/en\\\/#website\"},\"primaryImageOfPage\":{\"@id\":\"https:\\\/\\\/design.novoambiente.com\\\/en\\\/product\\\/in-side-sofa\\\/#primaryimage\"},\"image\":{\"@id\":\"https:\\\/\\\/design.novoambiente.com\\\/en\\\/product\\\/in-side-sofa\\\/#primaryimage\"},\"thumbnailUrl\":\"https:\\\/\\\/design.novoambiente.com\\\/wp-content\\\/uploads\\\/2026\\\/08\\\/Magis_in-side_sofa_product_lateral_SD3074_white_01_hr-1-scaled.jpg\",\"datePublished\":\"2026-08-31T21:41:19+00:00\",\"dateModified\":\"2026-08-31T22:29:05+00:00\",\"breadcrumb\":{\"@id\":\"https:\\\/\\\/design.novoambiente.com\\\/en\\\/product\\\/in-side-sofa\\\/#breadcrumb\"},\"inLanguage\":\"en-US\",\"potentialAction\":[{\"@type\":\"ReadAction\",\"target\":[\"https:\\\/\\\/design.novoambiente.com\\\/en\\\/product\\\/in-side-sofa\\\/\"]}]},{\"@type\":\"ImageObject\",\"inLanguage\":\"en-US\",\"@id\":\"https:\\\/\\\/design.novoambiente.com\\\/en\\\/product\\\/in-side-sofa\\\/#primaryimage\",\"url\":\"https:\\\/\\\/design.novoambiente.com\\\/wp-content\\\/uploads\\\/2026\\\/08\\\/Magis_in-side_sofa_product_lateral_SD3074_white_01_hr-1-scaled.jpg\",\"contentUrl\":\"https:\\\/\\\/design.novoambiente.com\\\/wp-content\\\/uploads\\\/2026\\\/08\\\/Magis_in-side_sofa_product_lateral_SD3074_white_01_hr-1-scaled.jpg\",\"width\":2560,\"height\":1829},{\"@type\":\"BreadcrumbList\",\"@id\":\"https:\\\/\\\/design.novoambiente.com\\\/en\\\/product\\\/in-side-sofa\\\/#breadcrumb\",\"itemListElement\":[{\"@type\":\"ListItem\",\"position\":1,\"name\":\"Home\",\"item\":\"https:\\\/\\\/design.novoambiente.com\\\/en\\\/\"},{\"@type\":\"ListItem\",\"position\":2,\"name\":\"Furniture\",\"item\":\"https:\\\/\\\/design.novoambiente.com\\\/en\\\/furniture\\\/\"},{\"@type\":\"ListItem\",\"position\":3,\"name\":\"In-Side Sofa\"}]},{\"@type\":\"WebSite\",\"@id\":\"https:\\\/\\\/design.novoambiente.com\\\/en\\\/#website\",\"url\":\"https:\\\/\\\/design.novoambiente.com\\\/en\\\/\",\"name\":\"Novo Ambiente | Mobili\u00e1rio\",\"description\":\"Mobili\u00e1rio de design para casa ou escrit\u00f3rio\",\"publisher\":{\"@id\":\"https:\\\/\\\/design.novoambiente.com\\\/en\\\/#organization\"},\"potentialAction\":[{\"@type\":\"SearchAction\",\"target\":{\"@type\":\"EntryPoint\",\"urlTemplate\":\"https:\\\/\\\/design.novoambiente.com\\\/en\\\/?s={search_term_string}\"},\"query-input\":{\"@type\":\"PropertyValueSpecification\",\"valueRequired\":true,\"valueName\":\"search_term_string\"}}],\"inLanguage\":\"en-US\"},{\"@type\":\"Organization\",\"@id\":\"https:\\\/\\\/design.novoambiente.com\\\/en\\\/#organization\",\"name\":\"Novo Ambiente | Mobili\u00e1rio\",\"url\":\"https:\\\/\\\/design.novoambiente.com\\\/en\\\/\",\"logo\":{\"@type\":\"ImageObject\",\"inLanguage\":\"en-US\",\"@id\":\"https:\\\/\\\/design.novoambiente.com\\\/en\\\/#\\\/schema\\\/logo\\\/image\\\/\",\"url\":\"https:\\\/\\\/design.novoambiente.com\\\/wp-content\\\/uploads\\\/2026\\\/06\\\/logo_NA_SP.jpg\",\"contentUrl\":\"https:\\\/\\\/design.novoambiente.com\\\/wp-content\\\/uploads\\\/2026\\\/06\\\/logo_NA_SP.jpg\",\"width\":1709,\"height\":1742,\"caption\":\"Novo Ambiente | Mobili\u00e1rio\"},\"image\":{\"@id\":\"https:\\\/\\\/design.novoambiente.com\\\/en\\\/#\\\/schema\\\/logo\\\/image\\\/\"},\"sameAs\":[\"https:\\\/\\\/www.facebook.com\\\/LojaNovoAmbiente\",\"https:\\\/\\\/www.instagram.com\\\/novoambiente\"]}]}<\/script>\n<!-- \/ Yoast SEO plugin. -->","yoast_head_json":{"title":"In-Side Sofa - Novo Ambiente | Cat\u00e1logo","robots":{"index":"index","follow":"follow","max-snippet":"max-snippet:-1","max-image-preview":"max-image-preview:large","max-video-preview":"max-video-preview:-1"},"canonical":"https:\/\/design.novoambiente.com\/en\/product\/in-side-sofa\/","schema":{"@context":"https:\/\/schema.org","@graph":[{"@type":"WebPage","@id":"https:\/\/design.novoambiente.com\/en\/product\/in-side-sofa\/","url":"https:\/\/design.novoambiente.com\/en\/product\/in-side-sofa\/","name":"In-Side Sofa - Novo Ambiente | Cat\u00e1logo","isPartOf":{"@id":"https:\/\/design.novoambiente.com\/en\/#website"},"primaryImageOfPage":{"@id":"https:\/\/design.novoambiente.com\/en\/product\/in-side-sofa\/#primaryimage"},"image":{"@id":"https:\/\/design.novoambiente.com\/en\/product\/in-side-sofa\/#primaryimage"},"thumbnailUrl":"https:\/\/design.novoambiente.com\/wp-content\/uploads\/2026\/08\/Magis_in-side_sofa_product_lateral_SD3074_white_01_hr-1-scaled.jpg","datePublished":"2026-08-31T21:41:19+00:00","dateModified":"2026-08-31T22:29:05+00:00","breadcrumb":{"@id":"https:\/\/design.novoambiente.com\/en\/product\/in-side-sofa\/#breadcrumb"},"inLanguage":"en-US","potentialAction":[{"@type":"ReadAction","target":["https:\/\/design.novoambiente.com\/en\/product\/in-side-sofa\/"]}]},{"@type":"ImageObject","inLanguage":"en-US","@id":"https:\/\/design.novoambiente.com\/en\/product\/in-side-sofa\/#primaryimage","url":"https:\/\/design.novoambiente.com\/wp-content\/uploads\/2026\/08\/Magis_in-side_sofa_product_lateral_SD3074_white_01_hr-1-scaled.jpg","contentUrl":"https:\/\/design.novoambiente.com\/wp-content\/uploads\/2026\/08\/Magis_in-side_sofa_product_lateral_SD3074_white_01_hr-1-scaled.jpg","width":2560,"height":1829},{"@type":"BreadcrumbList","@id":"https:\/\/design.novoambiente.com\/en\/product\/in-side-sofa\/#breadcrumb","itemListElement":[{"@type":"ListItem","position":1,"name":"Home","item":"https:\/\/design.novoambiente.com\/en\/"},{"@type":"ListItem","position":2,"name":"Furniture","item":"https:\/\/design.novoambiente.com\/en\/furniture\/"},{"@type":"ListItem","position":3,"name":"In-Side Sofa"}]},{"@type":"WebSite","@id":"https:\/\/design.novoambiente.com\/en\/#website","url":"https:\/\/design.novoambiente.com\/en\/","name":"Novo Ambiente | Mobili\u00e1rio","description":"Mobili\u00e1rio de design para casa ou escrit\u00f3rio","publisher":{"@id":"https:\/\/design.novoambiente.com\/en\/#organization"},"potentialAction":[{"@type":"SearchAction","target":{"@type":"EntryPoint","urlTemplate":"https:\/\/design.novoambiente.com\/en\/?s={search_term_string}"},"query-input":{"@type":"PropertyValueSpecification","valueRequired":true,"valueName":"search_term_string"}}],"inLanguage":"en-US"},{"@type":"Organization","@id":"https:\/\/design.novoambiente.com\/en\/#organization","name":"Novo Ambiente | Mobili\u00e1rio","url":"https:\/\/design.novoambiente.com\/en\/","logo":{"@type":"ImageObject","inLanguage":"en-US","@id":"https:\/\/design.novoambiente.com\/en\/#\/schema\/logo\/image\/","url":"https:\/\/design.novoambiente.com\/wp-content\/uploads\/2026\/06\/logo_NA_SP.jpg","contentUrl":"https:\/\/design.novoambiente.com\/wp-content\/uploads\/2026\/06\/logo_NA_SP.jpg","width":1709,"height":1742,"caption":"Novo Ambiente | Mobili\u00e1rio"},"image":{"@id":"https:\/\/design.novoambiente.com\/en\/#\/schema\/logo\/image\/"},"sameAs":["https:\/\/www.facebook.com\/LojaNovoAmbiente","https:\/\/www.instagram.com\/novoambiente"]}]}},"_links":{"self":[{"href":"https:\/\/design.novoambiente.com\/en\/wp-json\/wp\/v2\/product\/205170","targetHints":{"allow":["GET"]}}],"collection":[{"href":"https:\/\/design.novoambiente.com\/en\/wp-json\/wp\/v2\/product"}],"about":[{"href":"https:\/\/design.novoambiente.com\/en\/wp-json\/wp\/v2\/types\/product"}],"wp:featuredmedia":[{"embeddable":true,"href":"https:\/\/design.novoambiente.com\/en\/wp-json\/wp\/v2\/media\/205174"}],"wp:attachment":[{"href":"https:\/\/design.novoambiente.com\/en\/wp-json\/wp\/v2\/media?parent=205170"}],"wp:term":[{"taxonomy":"product_brand","embeddable":true,"href":"https:\/\/design.novoambiente.com\/en\/wp-json\/wp\/v2\/product_brand?post=205170"},{"taxonomy":"product_cat","embeddable":true,"href":"https:\/\/design.novoambiente.com\/en\/wp-json\/wp\/v2\/product_cat?post=205170"},{"taxonomy":"product_tag","embeddable":true,"href":"https:\/\/design.novoambiente.com\/en\/wp-json\/wp\/v2\/product_tag?post=205170"},{"taxonomy":"colecao","embeddable":true,"href":"https:\/\/design.novoambiente.com\/en\/wp-json\/wp\/v2\/colecao?post=205170"},{"taxonomy":"3d","embeddable":true,"href":"https:\/\/design.novoambiente.com\/en\/wp-json\/wp\/v2\/3d?post=205170"}],"curies":[{"name":"wp","href":"https:\/\/api.w.org\/{rel}","templated":true}]}}

<!-- This site is optimized with the Yoast SEO plugin v27.7 - https://yoast.com/product/yoast-seo-wordpress/ -->
<title>In-Side Sofa - Novo Ambiente | Catálogo</title>
<meta name="robots" content="index, follow, max-snippet:-1, max-image-preview:large, max-video-preview:-1" />
<link rel="canonical" href="https://design.novoambiente.com/en/product/in-side-sofa/" />
<script type="application/ld+json" class="yoast-schema-graph">{"@context":"https:\/\/schema.org","@graph":[{"@type":"WebPage","@id":"https:\/\/design.novoambiente.com\/en\/product\/in-side-sofa\/","url":"https:\/\/design.novoambiente.com\/en\/product\/in-side-sofa\/","name":"In-Side Sofa - Novo Ambiente | Catálogo","isPartOf":{"@id":"https:\/\/design.novoambiente.com\/en\/#website"},"primaryImageOfPage":{"@id":"https:\/\/design.novoambiente.com\/en\/product\/in-side-sofa\/#primaryimage"},"image":{"@id":"https:\/\/design.novoambiente.com\/en\/product\/in-side-sofa\/#primaryimage"},"thumbnailUrl":"https:\/\/design.novoambiente.com\/wp-content\/uploads\/2026\/08\/Magis_in-side_sofa_product_lateral_SD3074_white_01_hr-1-scaled.jpg","datePublished":"2026-08-31T21:41:19+00:00","dateModified":"2026-08-31T22:29:05+00:00","breadcrumb":{"@id":"https:\/\/design.novoambiente.com\/en\/product\/in-side-sofa\/#breadcrumb"},"inLanguage":"en-US","potentialAction":[{"@type":"ReadAction","target":["https:\/\/design.novoambiente.com\/en\/product\/in-side-sofa\/"]}]},{"@type":"ImageObject","inLanguage":"en-US","@id":"https:\/\/design.novoambiente.com\/en\/product\/in-side-sofa\/#primaryimage","url":"https:\/\/design.novoambiente.com\/wp-content\/uploads\/2026\/08\/Magis_in-side_sofa_product_lateral_SD3074_white_01_hr-1-scaled.jpg","contentUrl":"https:\/\/design.novoambiente.com\/wp-content\/uploads\/2026\/08\/Magis_in-side_sofa_product_lateral_SD3074_white_01_hr-1-scaled.jpg","width":2560,"height":1829},{"@type":"BreadcrumbList","@id":"https:\/\/design.novoambiente.com\/en\/product\/in-side-sofa\/#breadcrumb","itemListElement":[{"@type":"ListItem","position":1,"name":"Home","item":"https:\/\/design.novoambiente.com\/en\/"},{"@type":"ListItem","position":2,"name":"Furniture","item":"https:\/\/design.novoambiente.com\/en\/furniture\/"},{"@type":"ListItem","position":3,"name":"In-Side Sofa"}]},{"@type":"WebSite","@id":"https:\/\/design.novoambiente.com\/en\/#website","url":"https:\/\/design.novoambiente.com\/en\/","name":"Novo Ambiente | Mobiliário","description":"Mobiliário de design para casa ou escritório","publisher":{"@id":"https:\/\/design.novoambiente.com\/en\/#organization"},"potentialAction":[{"@type":"SearchAction","target":{"@type":"EntryPoint","urlTemplate":"https:\/\/design.novoambiente.com\/en\/?s={search_term_string}"},"query-input":{"@type":"PropertyValueSpecification","valueRequired":true,"valueName":"search_term_string"}}],"inLanguage":"en-US"},{"@type":"Organization","@id":"https:\/\/design.novoambiente.com\/en\/#organization","name":"Novo Ambiente | Mobiliário","url":"https:\/\/design.novoambiente.com\/en\/","logo":{"@type":"ImageObject","inLanguage":"en-US","@id":"https:\/\/design.novoambiente.com\/en\/#\/schema\/logo\/image\/","url":"https:\/\/design.novoambiente.com\/wp-content\/uploads\/2026\/06\/logo_NA_SP.jpg","contentUrl":"https:\/\/design.novoambiente.com\/wp-content\/uploads\/2026\/06\/logo_NA_SP.jpg","width":1709,"height":1742,"caption":"Novo Ambiente | Mobiliário"},"image":{"@id":"https:\/\/design.novoambiente.com\/en\/#\/schema\/logo\/image\/"},"sameAs":["https:\/\/www.facebook.com\/LojaNovoAmbiente","https:\/\/www.instagram.com\/novoambiente"]}]}</script>
<!-- / Yoast SEO plugin. -->

In-Side Sofa - Novo Ambiente | Catálogo

Novo Ambiente | Mobiliário

Mobiliário de design para casa ou escritório
