{"id":202138,"date":"2016-09-23T14:58:54","date_gmt":"2016-09-23T17:58:54","guid":{"rendered":"https:\/\/design.novoambiente.com\/produto\/kid-armchair\/"},"modified":"2016-09-23T14:58:54","modified_gmt":"2016-09-23T17:58:54","slug":"kid-armchair","status":"publish","type":"product","link":"https:\/\/design.novoambiente.com\/en\/product\/kid-armchair\/","title":{"rendered":"Kid Armchair"},"content":{"rendered":"<p>Lightweight and featuring the unmistakable lines of Zanine Caldas, the Kid armchair is part of the set of pieces created in the 1950s for M\u00f3veis Art\u00edsticos Z \u2014 a factory founded by the designer in S\u00e3o Jos\u00e9 dos Campos (SP) \u2014 reissued in late 2016. Each piece of furniture was named after or given the nickname of one of Zanine&#8217;s six children. The Kid was named in honor of Euclides Zanine Caldas Neto. With a solid wood structure, it can be upholstered in fabric or leather.   <\/p>\n<p><strong>Available for sale only in Rio de Janeiro <\/strong><\/p>\n","protected":false},"excerpt":{"rendered":"Lightweight and featuring the unmistakable lines of Zanine Caldas, the Kid armchair is part of the set&#8230;","protected":false},"featured_media":0,"template":"","meta":{"_acf_changed":false},"product_brand":[],"product_cat":[3448],"product_tag":[3795,3798,3912,3979],"colecao":[],"3d":[3462],"class_list":["post-202138","product","type-product","status-publish","product_cat-armchair","product_tag-wood","product_tag-with-armrest","product_tag-domestic","product_tag-upholstered","pa_designer-zanine-caldas","3d-arquivos-3d","first","instock","shipping-taxable","product-type-variable"],"acf":[],"yoast_head":"<!-- This site is optimized with the Yoast SEO plugin v28.4 - https:\/\/yoast.com\/product\/yoast-seo-wordpress\/ -->\n<title>Kid Armchair - Novo Ambiente | Cat\u00e1logo<\/title>\n<meta name=\"robots\" content=\"index, follow, max-snippet:-1, max-image-preview:large, max-video-preview:-1\" \/>\n<link rel=\"canonical\" href=\"https:\/\/design.novoambiente.com\/en\/product\/kid-armchair\/\" \/>\n<script type=\"application\/ld+json\" class=\"yoast-schema-graph\">{\"@context\":\"https:\\\/\\\/schema.org\",\"@graph\":[{\"@type\":\"WebPage\",\"@id\":\"https:\\\/\\\/design.novoambiente.com\\\/en\\\/product\\\/kid-armchair\\\/\",\"url\":\"https:\\\/\\\/design.novoambiente.com\\\/en\\\/product\\\/kid-armchair\\\/\",\"name\":\"Kid Armchair - Novo Ambiente | Cat\u00e1logo\",\"isPartOf\":{\"@id\":\"https:\\\/\\\/design.novoambiente.com\\\/en\\\/#website\"},\"datePublished\":\"2016-09-23T17:58:54+00:00\",\"breadcrumb\":{\"@id\":\"https:\\\/\\\/design.novoambiente.com\\\/en\\\/product\\\/kid-armchair\\\/#breadcrumb\"},\"inLanguage\":\"en-US\",\"potentialAction\":[{\"@type\":\"ReadAction\",\"target\":[\"https:\\\/\\\/design.novoambiente.com\\\/en\\\/product\\\/kid-armchair\\\/\"]}]},{\"@type\":\"BreadcrumbList\",\"@id\":\"https:\\\/\\\/design.novoambiente.com\\\/en\\\/product\\\/kid-armchair\\\/#breadcrumb\",\"itemListElement\":[{\"@type\":\"ListItem\",\"position\":1,\"name\":\"Home\",\"item\":\"https:\\\/\\\/design.novoambiente.com\\\/en\\\/\"},{\"@type\":\"ListItem\",\"position\":2,\"name\":\"Furniture\",\"item\":\"https:\\\/\\\/design.novoambiente.com\\\/en\\\/furniture\\\/\"},{\"@type\":\"ListItem\",\"position\":3,\"name\":\"Kid Armchair\"}]},{\"@type\":\"WebSite\",\"@id\":\"https:\\\/\\\/design.novoambiente.com\\\/en\\\/#website\",\"url\":\"https:\\\/\\\/design.novoambiente.com\\\/en\\\/\",\"name\":\"Novo Ambiente | Mobili\u00e1rio\",\"description\":\"Mobili\u00e1rio de design para casa ou escrit\u00f3rio\",\"publisher\":{\"@id\":\"https:\\\/\\\/design.novoambiente.com\\\/en\\\/#organization\"},\"potentialAction\":[{\"@type\":\"SearchAction\",\"target\":{\"@type\":\"EntryPoint\",\"urlTemplate\":\"https:\\\/\\\/design.novoambiente.com\\\/en\\\/?s={search_term_string}\"},\"query-input\":{\"@type\":\"PropertyValueSpecification\",\"valueRequired\":true,\"valueName\":\"search_term_string\"}}],\"inLanguage\":\"en-US\"},{\"@type\":\"Organization\",\"@id\":\"https:\\\/\\\/design.novoambiente.com\\\/en\\\/#organization\",\"name\":\"Novo Ambiente | Mobili\u00e1rio\",\"url\":\"https:\\\/\\\/design.novoambiente.com\\\/en\\\/\",\"logo\":{\"@type\":\"ImageObject\",\"inLanguage\":\"en-US\",\"@id\":\"https:\\\/\\\/design.novoambiente.com\\\/en\\\/#\\\/schema\\\/logo\\\/image\\\/\",\"url\":\"https:\\\/\\\/design.novoambiente.com\\\/wp-content\\\/uploads\\\/2026\\\/06\\\/logo_NA_SP.jpg\",\"contentUrl\":\"https:\\\/\\\/design.novoambiente.com\\\/wp-content\\\/uploads\\\/2026\\\/06\\\/logo_NA_SP.jpg\",\"width\":1709,\"height\":1742,\"caption\":\"Novo Ambiente | Mobili\u00e1rio\"},\"image\":{\"@id\":\"https:\\\/\\\/design.novoambiente.com\\\/en\\\/#\\\/schema\\\/logo\\\/image\\\/\"},\"sameAs\":[\"https:\\\/\\\/www.facebook.com\\\/LojaNovoAmbiente\",\"https:\\\/\\\/www.instagram.com\\\/novoambiente\"]}]}<\/script>\n<!-- \/ Yoast SEO plugin. -->","yoast_head_json":{"title":"Kid Armchair - Novo Ambiente | Cat\u00e1logo","robots":{"index":"index","follow":"follow","max-snippet":"max-snippet:-1","max-image-preview":"max-image-preview:large","max-video-preview":"max-video-preview:-1"},"canonical":"https:\/\/design.novoambiente.com\/en\/product\/kid-armchair\/","schema":{"@context":"https:\/\/schema.org","@graph":[{"@type":"WebPage","@id":"https:\/\/design.novoambiente.com\/en\/product\/kid-armchair\/","url":"https:\/\/design.novoambiente.com\/en\/product\/kid-armchair\/","name":"Kid Armchair - Novo Ambiente | Cat\u00e1logo","isPartOf":{"@id":"https:\/\/design.novoambiente.com\/en\/#website"},"datePublished":"2016-09-23T17:58:54+00:00","breadcrumb":{"@id":"https:\/\/design.novoambiente.com\/en\/product\/kid-armchair\/#breadcrumb"},"inLanguage":"en-US","potentialAction":[{"@type":"ReadAction","target":["https:\/\/design.novoambiente.com\/en\/product\/kid-armchair\/"]}]},{"@type":"BreadcrumbList","@id":"https:\/\/design.novoambiente.com\/en\/product\/kid-armchair\/#breadcrumb","itemListElement":[{"@type":"ListItem","position":1,"name":"Home","item":"https:\/\/design.novoambiente.com\/en\/"},{"@type":"ListItem","position":2,"name":"Furniture","item":"https:\/\/design.novoambiente.com\/en\/furniture\/"},{"@type":"ListItem","position":3,"name":"Kid Armchair"}]},{"@type":"WebSite","@id":"https:\/\/design.novoambiente.com\/en\/#website","url":"https:\/\/design.novoambiente.com\/en\/","name":"Novo Ambiente | Mobili\u00e1rio","description":"Mobili\u00e1rio de design para casa ou escrit\u00f3rio","publisher":{"@id":"https:\/\/design.novoambiente.com\/en\/#organization"},"potentialAction":[{"@type":"SearchAction","target":{"@type":"EntryPoint","urlTemplate":"https:\/\/design.novoambiente.com\/en\/?s={search_term_string}"},"query-input":{"@type":"PropertyValueSpecification","valueRequired":true,"valueName":"search_term_string"}}],"inLanguage":"en-US"},{"@type":"Organization","@id":"https:\/\/design.novoambiente.com\/en\/#organization","name":"Novo Ambiente | Mobili\u00e1rio","url":"https:\/\/design.novoambiente.com\/en\/","logo":{"@type":"ImageObject","inLanguage":"en-US","@id":"https:\/\/design.novoambiente.com\/en\/#\/schema\/logo\/image\/","url":"https:\/\/design.novoambiente.com\/wp-content\/uploads\/2026\/06\/logo_NA_SP.jpg","contentUrl":"https:\/\/design.novoambiente.com\/wp-content\/uploads\/2026\/06\/logo_NA_SP.jpg","width":1709,"height":1742,"caption":"Novo Ambiente | Mobili\u00e1rio"},"image":{"@id":"https:\/\/design.novoambiente.com\/en\/#\/schema\/logo\/image\/"},"sameAs":["https:\/\/www.facebook.com\/LojaNovoAmbiente","https:\/\/www.instagram.com\/novoambiente"]}]}},"_links":{"self":[{"href":"https:\/\/design.novoambiente.com\/en\/wp-json\/wp\/v2\/product\/202138","targetHints":{"allow":["GET"]}}],"collection":[{"href":"https:\/\/design.novoambiente.com\/en\/wp-json\/wp\/v2\/product"}],"about":[{"href":"https:\/\/design.novoambiente.com\/en\/wp-json\/wp\/v2\/types\/product"}],"wp:attachment":[{"href":"https:\/\/design.novoambiente.com\/en\/wp-json\/wp\/v2\/media?parent=202138"}],"wp:term":[{"taxonomy":"product_brand","embeddable":true,"href":"https:\/\/design.novoambiente.com\/en\/wp-json\/wp\/v2\/product_brand?post=202138"},{"taxonomy":"product_cat","embeddable":true,"href":"https:\/\/design.novoambiente.com\/en\/wp-json\/wp\/v2\/product_cat?post=202138"},{"taxonomy":"product_tag","embeddable":true,"href":"https:\/\/design.novoambiente.com\/en\/wp-json\/wp\/v2\/product_tag?post=202138"},{"taxonomy":"colecao","embeddable":true,"href":"https:\/\/design.novoambiente.com\/en\/wp-json\/wp\/v2\/colecao?post=202138"},{"taxonomy":"3d","embeddable":true,"href":"https:\/\/design.novoambiente.com\/en\/wp-json\/wp\/v2\/3d?post=202138"}],"curies":[{"name":"wp","href":"https:\/\/api.w.org\/{rel}","templated":true}]}}

<p>Lightweight and featuring the unmistakable lines of Zanine Caldas, the Kid armchair is part of the set of pieces created in the 1950s for Móveis Artísticos Z — a factory founded by the designer in São José dos Campos (SP) — reissued in late 2016. Each piece of furniture was named after or given the nickname of one of Zanine&#8217;s six children. The Kid was named in honor of Euclides Zanine Caldas Neto. With a solid wood structure, it can be upholstered in fabric or leather.   </p>
<p><strong>Available for sale only in Rio de Janeiro </strong></p>

<!-- This site is optimized with the Yoast SEO plugin v28.4 - https://yoast.com/product/yoast-seo-wordpress/ -->
<title>Kid Armchair - Novo Ambiente | Catálogo</title>
<meta name="robots" content="index, follow, max-snippet:-1, max-image-preview:large, max-video-preview:-1" />
<link rel="canonical" href="https://design.novoambiente.com/en/product/kid-armchair/" />
<script type="application/ld+json" class="yoast-schema-graph">{"@context":"https:\/\/schema.org","@graph":[{"@type":"WebPage","@id":"https:\/\/design.novoambiente.com\/en\/product\/kid-armchair\/","url":"https:\/\/design.novoambiente.com\/en\/product\/kid-armchair\/","name":"Kid Armchair - Novo Ambiente | Catálogo","isPartOf":{"@id":"https:\/\/design.novoambiente.com\/en\/#website"},"datePublished":"2016-09-23T17:58:54+00:00","breadcrumb":{"@id":"https:\/\/design.novoambiente.com\/en\/product\/kid-armchair\/#breadcrumb"},"inLanguage":"en-US","potentialAction":[{"@type":"ReadAction","target":["https:\/\/design.novoambiente.com\/en\/product\/kid-armchair\/"]}]},{"@type":"BreadcrumbList","@id":"https:\/\/design.novoambiente.com\/en\/product\/kid-armchair\/#breadcrumb","itemListElement":[{"@type":"ListItem","position":1,"name":"Home","item":"https:\/\/design.novoambiente.com\/en\/"},{"@type":"ListItem","position":2,"name":"Furniture","item":"https:\/\/design.novoambiente.com\/en\/furniture\/"},{"@type":"ListItem","position":3,"name":"Kid Armchair"}]},{"@type":"WebSite","@id":"https:\/\/design.novoambiente.com\/en\/#website","url":"https:\/\/design.novoambiente.com\/en\/","name":"Novo Ambiente | Mobiliário","description":"Mobiliário de design para casa ou escritório","publisher":{"@id":"https:\/\/design.novoambiente.com\/en\/#organization"},"potentialAction":[{"@type":"SearchAction","target":{"@type":"EntryPoint","urlTemplate":"https:\/\/design.novoambiente.com\/en\/?s={search_term_string}"},"query-input":{"@type":"PropertyValueSpecification","valueRequired":true,"valueName":"search_term_string"}}],"inLanguage":"en-US"},{"@type":"Organization","@id":"https:\/\/design.novoambiente.com\/en\/#organization","name":"Novo Ambiente | Mobiliário","url":"https:\/\/design.novoambiente.com\/en\/","logo":{"@type":"ImageObject","inLanguage":"en-US","@id":"https:\/\/design.novoambiente.com\/en\/#\/schema\/logo\/image\/","url":"https:\/\/design.novoambiente.com\/wp-content\/uploads\/2026\/06\/logo_NA_SP.jpg","contentUrl":"https:\/\/design.novoambiente.com\/wp-content\/uploads\/2026\/06\/logo_NA_SP.jpg","width":1709,"height":1742,"caption":"Novo Ambiente | Mobiliário"},"image":{"@id":"https:\/\/design.novoambiente.com\/en\/#\/schema\/logo\/image\/"},"sameAs":["https:\/\/www.facebook.com\/LojaNovoAmbiente","https:\/\/www.instagram.com\/novoambiente"]}]}</script>
<!-- / Yoast SEO plugin. -->

Kid Armchair - Novo Ambiente | Catálogo

Novo Ambiente | Mobiliário

Mobiliário de design para casa ou escritório
