{"id":200998,"date":"2026-06-10T15:19:56","date_gmt":"2026-06-10T18:19:56","guid":{"rendered":"https:\/\/design.novoambiente.com\/produto\/equatorial-mirrors\/"},"modified":"2026-06-10T15:19:56","modified_gmt":"2026-06-10T18:19:56","slug":"equatorial-mirrors","status":"publish","type":"product","link":"https:\/\/design.novoambiente.com\/en\/product\/equatorial-mirrors\/","title":{"rendered":"Equatorial Mirrors"},"content":{"rendered":"<p>The Equatorial set is day and night, the sun that warms and the moon that lulls to sleep. The plate, golden and circular, delivers the radiant energy of the sun, while the mirror, silvered and serene, reflects the delirious calm of the moon.<br \/>\nTogether, the pieces tell the story of a traveler who carries in their luggage the fierce heat of the hinterland and the pleasant breeze of the sea. <\/p>\n","protected":false},"excerpt":{"rendered":"The Equatorial set is day and night, the sun that warms and the moon that lulls to&#8230;","protected":false},"featured_media":0,"template":"","meta":{"_acf_changed":false},"product_brand":[],"product_cat":[3441,3400],"product_tag":[],"colecao":[],"3d":[],"class_list":["post-200998","product","type-product","status-publish","product_cat-mirrors","product_cat-indoor-area","pa_designer-f-studio","first","instock","shipping-taxable","product-type-variable"],"acf":[],"yoast_head":"<!-- This site is optimized with the Yoast SEO plugin v28.4 - https:\/\/yoast.com\/product\/yoast-seo-wordpress\/ -->\n<title>Equatorial Mirrors - Novo Ambiente | Cat\u00e1logo<\/title>\n<meta name=\"robots\" content=\"index, follow, max-snippet:-1, max-image-preview:large, max-video-preview:-1\" \/>\n<link rel=\"canonical\" href=\"https:\/\/design.novoambiente.com\/en\/product\/equatorial-mirrors\/\" \/>\n<script type=\"application\/ld+json\" class=\"yoast-schema-graph\">{\"@context\":\"https:\\\/\\\/schema.org\",\"@graph\":[{\"@type\":\"WebPage\",\"@id\":\"https:\\\/\\\/design.novoambiente.com\\\/en\\\/product\\\/equatorial-mirrors\\\/\",\"url\":\"https:\\\/\\\/design.novoambiente.com\\\/en\\\/product\\\/equatorial-mirrors\\\/\",\"name\":\"Equatorial Mirrors - Novo Ambiente | Cat\u00e1logo\",\"isPartOf\":{\"@id\":\"https:\\\/\\\/design.novoambiente.com\\\/en\\\/#website\"},\"datePublished\":\"2026-06-10T18:19:56+00:00\",\"breadcrumb\":{\"@id\":\"https:\\\/\\\/design.novoambiente.com\\\/en\\\/product\\\/equatorial-mirrors\\\/#breadcrumb\"},\"inLanguage\":\"en-US\",\"potentialAction\":[{\"@type\":\"ReadAction\",\"target\":[\"https:\\\/\\\/design.novoambiente.com\\\/en\\\/product\\\/equatorial-mirrors\\\/\"]}]},{\"@type\":\"BreadcrumbList\",\"@id\":\"https:\\\/\\\/design.novoambiente.com\\\/en\\\/product\\\/equatorial-mirrors\\\/#breadcrumb\",\"itemListElement\":[{\"@type\":\"ListItem\",\"position\":1,\"name\":\"Home\",\"item\":\"https:\\\/\\\/design.novoambiente.com\\\/en\\\/\"},{\"@type\":\"ListItem\",\"position\":2,\"name\":\"Furniture\",\"item\":\"https:\\\/\\\/design.novoambiente.com\\\/en\\\/furniture\\\/\"},{\"@type\":\"ListItem\",\"position\":3,\"name\":\"Equatorial Mirrors\"}]},{\"@type\":\"WebSite\",\"@id\":\"https:\\\/\\\/design.novoambiente.com\\\/en\\\/#website\",\"url\":\"https:\\\/\\\/design.novoambiente.com\\\/en\\\/\",\"name\":\"Novo Ambiente | Mobili\u00e1rio\",\"description\":\"Mobili\u00e1rio de design para casa ou escrit\u00f3rio\",\"publisher\":{\"@id\":\"https:\\\/\\\/design.novoambiente.com\\\/en\\\/#organization\"},\"potentialAction\":[{\"@type\":\"SearchAction\",\"target\":{\"@type\":\"EntryPoint\",\"urlTemplate\":\"https:\\\/\\\/design.novoambiente.com\\\/en\\\/?s={search_term_string}\"},\"query-input\":{\"@type\":\"PropertyValueSpecification\",\"valueRequired\":true,\"valueName\":\"search_term_string\"}}],\"inLanguage\":\"en-US\"},{\"@type\":\"Organization\",\"@id\":\"https:\\\/\\\/design.novoambiente.com\\\/en\\\/#organization\",\"name\":\"Novo Ambiente | Mobili\u00e1rio\",\"url\":\"https:\\\/\\\/design.novoambiente.com\\\/en\\\/\",\"logo\":{\"@type\":\"ImageObject\",\"inLanguage\":\"en-US\",\"@id\":\"https:\\\/\\\/design.novoambiente.com\\\/en\\\/#\\\/schema\\\/logo\\\/image\\\/\",\"url\":\"https:\\\/\\\/design.novoambiente.com\\\/wp-content\\\/uploads\\\/2026\\\/06\\\/logo_NA_SP.jpg\",\"contentUrl\":\"https:\\\/\\\/design.novoambiente.com\\\/wp-content\\\/uploads\\\/2026\\\/06\\\/logo_NA_SP.jpg\",\"width\":1709,\"height\":1742,\"caption\":\"Novo Ambiente | Mobili\u00e1rio\"},\"image\":{\"@id\":\"https:\\\/\\\/design.novoambiente.com\\\/en\\\/#\\\/schema\\\/logo\\\/image\\\/\"},\"sameAs\":[\"https:\\\/\\\/www.facebook.com\\\/LojaNovoAmbiente\",\"https:\\\/\\\/www.instagram.com\\\/novoambiente\"]}]}<\/script>\n<!-- \/ Yoast SEO plugin. -->","yoast_head_json":{"title":"Equatorial Mirrors - Novo Ambiente | Cat\u00e1logo","robots":{"index":"index","follow":"follow","max-snippet":"max-snippet:-1","max-image-preview":"max-image-preview:large","max-video-preview":"max-video-preview:-1"},"canonical":"https:\/\/design.novoambiente.com\/en\/product\/equatorial-mirrors\/","schema":{"@context":"https:\/\/schema.org","@graph":[{"@type":"WebPage","@id":"https:\/\/design.novoambiente.com\/en\/product\/equatorial-mirrors\/","url":"https:\/\/design.novoambiente.com\/en\/product\/equatorial-mirrors\/","name":"Equatorial Mirrors - Novo Ambiente | Cat\u00e1logo","isPartOf":{"@id":"https:\/\/design.novoambiente.com\/en\/#website"},"datePublished":"2026-06-10T18:19:56+00:00","breadcrumb":{"@id":"https:\/\/design.novoambiente.com\/en\/product\/equatorial-mirrors\/#breadcrumb"},"inLanguage":"en-US","potentialAction":[{"@type":"ReadAction","target":["https:\/\/design.novoambiente.com\/en\/product\/equatorial-mirrors\/"]}]},{"@type":"BreadcrumbList","@id":"https:\/\/design.novoambiente.com\/en\/product\/equatorial-mirrors\/#breadcrumb","itemListElement":[{"@type":"ListItem","position":1,"name":"Home","item":"https:\/\/design.novoambiente.com\/en\/"},{"@type":"ListItem","position":2,"name":"Furniture","item":"https:\/\/design.novoambiente.com\/en\/furniture\/"},{"@type":"ListItem","position":3,"name":"Equatorial Mirrors"}]},{"@type":"WebSite","@id":"https:\/\/design.novoambiente.com\/en\/#website","url":"https:\/\/design.novoambiente.com\/en\/","name":"Novo Ambiente | Mobili\u00e1rio","description":"Mobili\u00e1rio de design para casa ou escrit\u00f3rio","publisher":{"@id":"https:\/\/design.novoambiente.com\/en\/#organization"},"potentialAction":[{"@type":"SearchAction","target":{"@type":"EntryPoint","urlTemplate":"https:\/\/design.novoambiente.com\/en\/?s={search_term_string}"},"query-input":{"@type":"PropertyValueSpecification","valueRequired":true,"valueName":"search_term_string"}}],"inLanguage":"en-US"},{"@type":"Organization","@id":"https:\/\/design.novoambiente.com\/en\/#organization","name":"Novo Ambiente | Mobili\u00e1rio","url":"https:\/\/design.novoambiente.com\/en\/","logo":{"@type":"ImageObject","inLanguage":"en-US","@id":"https:\/\/design.novoambiente.com\/en\/#\/schema\/logo\/image\/","url":"https:\/\/design.novoambiente.com\/wp-content\/uploads\/2026\/06\/logo_NA_SP.jpg","contentUrl":"https:\/\/design.novoambiente.com\/wp-content\/uploads\/2026\/06\/logo_NA_SP.jpg","width":1709,"height":1742,"caption":"Novo Ambiente | Mobili\u00e1rio"},"image":{"@id":"https:\/\/design.novoambiente.com\/en\/#\/schema\/logo\/image\/"},"sameAs":["https:\/\/www.facebook.com\/LojaNovoAmbiente","https:\/\/www.instagram.com\/novoambiente"]}]}},"_links":{"self":[{"href":"https:\/\/design.novoambiente.com\/en\/wp-json\/wp\/v2\/product\/200998","targetHints":{"allow":["GET"]}}],"collection":[{"href":"https:\/\/design.novoambiente.com\/en\/wp-json\/wp\/v2\/product"}],"about":[{"href":"https:\/\/design.novoambiente.com\/en\/wp-json\/wp\/v2\/types\/product"}],"wp:attachment":[{"href":"https:\/\/design.novoambiente.com\/en\/wp-json\/wp\/v2\/media?parent=200998"}],"wp:term":[{"taxonomy":"product_brand","embeddable":true,"href":"https:\/\/design.novoambiente.com\/en\/wp-json\/wp\/v2\/product_brand?post=200998"},{"taxonomy":"product_cat","embeddable":true,"href":"https:\/\/design.novoambiente.com\/en\/wp-json\/wp\/v2\/product_cat?post=200998"},{"taxonomy":"product_tag","embeddable":true,"href":"https:\/\/design.novoambiente.com\/en\/wp-json\/wp\/v2\/product_tag?post=200998"},{"taxonomy":"colecao","embeddable":true,"href":"https:\/\/design.novoambiente.com\/en\/wp-json\/wp\/v2\/colecao?post=200998"},{"taxonomy":"3d","embeddable":true,"href":"https:\/\/design.novoambiente.com\/en\/wp-json\/wp\/v2\/3d?post=200998"}],"curies":[{"name":"wp","href":"https:\/\/api.w.org\/{rel}","templated":true}]}}

<!-- This site is optimized with the Yoast SEO plugin v28.4 - https://yoast.com/product/yoast-seo-wordpress/ -->
<title>Equatorial Mirrors - Novo Ambiente | Catálogo</title>
<meta name="robots" content="index, follow, max-snippet:-1, max-image-preview:large, max-video-preview:-1" />
<link rel="canonical" href="https://design.novoambiente.com/en/product/equatorial-mirrors/" />
<script type="application/ld+json" class="yoast-schema-graph">{"@context":"https:\/\/schema.org","@graph":[{"@type":"WebPage","@id":"https:\/\/design.novoambiente.com\/en\/product\/equatorial-mirrors\/","url":"https:\/\/design.novoambiente.com\/en\/product\/equatorial-mirrors\/","name":"Equatorial Mirrors - Novo Ambiente | Catálogo","isPartOf":{"@id":"https:\/\/design.novoambiente.com\/en\/#website"},"datePublished":"2026-06-10T18:19:56+00:00","breadcrumb":{"@id":"https:\/\/design.novoambiente.com\/en\/product\/equatorial-mirrors\/#breadcrumb"},"inLanguage":"en-US","potentialAction":[{"@type":"ReadAction","target":["https:\/\/design.novoambiente.com\/en\/product\/equatorial-mirrors\/"]}]},{"@type":"BreadcrumbList","@id":"https:\/\/design.novoambiente.com\/en\/product\/equatorial-mirrors\/#breadcrumb","itemListElement":[{"@type":"ListItem","position":1,"name":"Home","item":"https:\/\/design.novoambiente.com\/en\/"},{"@type":"ListItem","position":2,"name":"Furniture","item":"https:\/\/design.novoambiente.com\/en\/furniture\/"},{"@type":"ListItem","position":3,"name":"Equatorial Mirrors"}]},{"@type":"WebSite","@id":"https:\/\/design.novoambiente.com\/en\/#website","url":"https:\/\/design.novoambiente.com\/en\/","name":"Novo Ambiente | Mobiliário","description":"Mobiliário de design para casa ou escritório","publisher":{"@id":"https:\/\/design.novoambiente.com\/en\/#organization"},"potentialAction":[{"@type":"SearchAction","target":{"@type":"EntryPoint","urlTemplate":"https:\/\/design.novoambiente.com\/en\/?s={search_term_string}"},"query-input":{"@type":"PropertyValueSpecification","valueRequired":true,"valueName":"search_term_string"}}],"inLanguage":"en-US"},{"@type":"Organization","@id":"https:\/\/design.novoambiente.com\/en\/#organization","name":"Novo Ambiente | Mobiliário","url":"https:\/\/design.novoambiente.com\/en\/","logo":{"@type":"ImageObject","inLanguage":"en-US","@id":"https:\/\/design.novoambiente.com\/en\/#\/schema\/logo\/image\/","url":"https:\/\/design.novoambiente.com\/wp-content\/uploads\/2026\/06\/logo_NA_SP.jpg","contentUrl":"https:\/\/design.novoambiente.com\/wp-content\/uploads\/2026\/06\/logo_NA_SP.jpg","width":1709,"height":1742,"caption":"Novo Ambiente | Mobiliário"},"image":{"@id":"https:\/\/design.novoambiente.com\/en\/#\/schema\/logo\/image\/"},"sameAs":["https:\/\/www.facebook.com\/LojaNovoAmbiente","https:\/\/www.instagram.com\/novoambiente"]}]}</script>
<!-- / Yoast SEO plugin. -->

Equatorial Mirrors - Novo Ambiente | Catálogo

Novo Ambiente | Mobiliário

Mobiliário de design para casa ou escritório
