{"id":164101,"date":"2020-12-29T17:14:23","date_gmt":"2020-12-29T20:14:23","guid":{"rendered":"https:\/\/design.novoambiente.com\/produto\/about-a153-chair\/"},"modified":"2020-12-29T17:14:23","modified_gmt":"2020-12-29T20:14:23","slug":"about-a153-chair","status":"publish","type":"product","link":"https:\/\/design.novoambiente.com\/en\/product\/about-a153-chair\/","title":{"rendered":"About A153 Chair"},"content":{"rendered":"<p>The About A153 Chair features a simple and intuitive form that can either blend in or stand out in any environment. The vertical and open design of the shell balances exceptional comfort with an inviting expression. The many possible combinations of base, shell, and colors transform the About A153 Chair into an ultra-flexible and versatile celebration of individuality.  <\/p>\n","protected":false},"excerpt":{"rendered":"The About A153 Chair features a simple and intuitive form that can either blend in or stand&#8230;","protected":false},"featured_media":0,"template":"","meta":{"_acf_changed":false},"product_brand":[],"product_cat":[3400,3444],"product_tag":[3778,3784,3840],"colecao":[],"3d":[],"class_list":["post-164101","product","type-product","status-publish","product_cat-indoor-area","product_cat-home-office","product_tag-imported","product_tag-hay","product_tag-herman-miller","pa_designer-hee-welling","first","instock","shipping-taxable","product-type-variable"],"acf":[],"yoast_head":"<!-- This site is optimized with the Yoast SEO plugin v28.4 - https:\/\/yoast.com\/product\/yoast-seo-wordpress\/ -->\n<title>About A153 Chair - Novo Ambiente | Cat\u00e1logo<\/title>\n<meta name=\"robots\" content=\"index, follow, max-snippet:-1, max-image-preview:large, max-video-preview:-1\" \/>\n<link rel=\"canonical\" href=\"https:\/\/design.novoambiente.com\/en\/product\/about-a153-chair\/\" \/>\n<script type=\"application\/ld+json\" class=\"yoast-schema-graph\">{\"@context\":\"https:\\\/\\\/schema.org\",\"@graph\":[{\"@type\":\"WebPage\",\"@id\":\"https:\\\/\\\/design.novoambiente.com\\\/en\\\/product\\\/about-a153-chair\\\/\",\"url\":\"https:\\\/\\\/design.novoambiente.com\\\/en\\\/product\\\/about-a153-chair\\\/\",\"name\":\"About A153 Chair - Novo Ambiente | Cat\u00e1logo\",\"isPartOf\":{\"@id\":\"https:\\\/\\\/design.novoambiente.com\\\/en\\\/#website\"},\"datePublished\":\"2020-12-29T20:14:23+00:00\",\"breadcrumb\":{\"@id\":\"https:\\\/\\\/design.novoambiente.com\\\/en\\\/product\\\/about-a153-chair\\\/#breadcrumb\"},\"inLanguage\":\"en-US\",\"potentialAction\":[{\"@type\":\"ReadAction\",\"target\":[\"https:\\\/\\\/design.novoambiente.com\\\/en\\\/product\\\/about-a153-chair\\\/\"]}]},{\"@type\":\"BreadcrumbList\",\"@id\":\"https:\\\/\\\/design.novoambiente.com\\\/en\\\/product\\\/about-a153-chair\\\/#breadcrumb\",\"itemListElement\":[{\"@type\":\"ListItem\",\"position\":1,\"name\":\"Home\",\"item\":\"https:\\\/\\\/design.novoambiente.com\\\/en\\\/\"},{\"@type\":\"ListItem\",\"position\":2,\"name\":\"Furniture\",\"item\":\"https:\\\/\\\/design.novoambiente.com\\\/en\\\/furniture\\\/\"},{\"@type\":\"ListItem\",\"position\":3,\"name\":\"About A153 Chair\"}]},{\"@type\":\"WebSite\",\"@id\":\"https:\\\/\\\/design.novoambiente.com\\\/en\\\/#website\",\"url\":\"https:\\\/\\\/design.novoambiente.com\\\/en\\\/\",\"name\":\"Novo Ambiente | Mobili\u00e1rio\",\"description\":\"Mobili\u00e1rio de design para casa ou escrit\u00f3rio\",\"publisher\":{\"@id\":\"https:\\\/\\\/design.novoambiente.com\\\/en\\\/#organization\"},\"potentialAction\":[{\"@type\":\"SearchAction\",\"target\":{\"@type\":\"EntryPoint\",\"urlTemplate\":\"https:\\\/\\\/design.novoambiente.com\\\/en\\\/?s={search_term_string}\"},\"query-input\":{\"@type\":\"PropertyValueSpecification\",\"valueRequired\":true,\"valueName\":\"search_term_string\"}}],\"inLanguage\":\"en-US\"},{\"@type\":\"Organization\",\"@id\":\"https:\\\/\\\/design.novoambiente.com\\\/en\\\/#organization\",\"name\":\"Novo Ambiente | Mobili\u00e1rio\",\"url\":\"https:\\\/\\\/design.novoambiente.com\\\/en\\\/\",\"logo\":{\"@type\":\"ImageObject\",\"inLanguage\":\"en-US\",\"@id\":\"https:\\\/\\\/design.novoambiente.com\\\/en\\\/#\\\/schema\\\/logo\\\/image\\\/\",\"url\":\"https:\\\/\\\/design.novoambiente.com\\\/wp-content\\\/uploads\\\/2026\\\/06\\\/logo_NA_SP.jpg\",\"contentUrl\":\"https:\\\/\\\/design.novoambiente.com\\\/wp-content\\\/uploads\\\/2026\\\/06\\\/logo_NA_SP.jpg\",\"width\":1709,\"height\":1742,\"caption\":\"Novo Ambiente | Mobili\u00e1rio\"},\"image\":{\"@id\":\"https:\\\/\\\/design.novoambiente.com\\\/en\\\/#\\\/schema\\\/logo\\\/image\\\/\"},\"sameAs\":[\"https:\\\/\\\/www.facebook.com\\\/LojaNovoAmbiente\",\"https:\\\/\\\/www.instagram.com\\\/novoambiente\"]}]}<\/script>\n<!-- \/ Yoast SEO plugin. -->","yoast_head_json":{"title":"About A153 Chair - Novo Ambiente | Cat\u00e1logo","robots":{"index":"index","follow":"follow","max-snippet":"max-snippet:-1","max-image-preview":"max-image-preview:large","max-video-preview":"max-video-preview:-1"},"canonical":"https:\/\/design.novoambiente.com\/en\/product\/about-a153-chair\/","schema":{"@context":"https:\/\/schema.org","@graph":[{"@type":"WebPage","@id":"https:\/\/design.novoambiente.com\/en\/product\/about-a153-chair\/","url":"https:\/\/design.novoambiente.com\/en\/product\/about-a153-chair\/","name":"About A153 Chair - Novo Ambiente | Cat\u00e1logo","isPartOf":{"@id":"https:\/\/design.novoambiente.com\/en\/#website"},"datePublished":"2020-12-29T20:14:23+00:00","breadcrumb":{"@id":"https:\/\/design.novoambiente.com\/en\/product\/about-a153-chair\/#breadcrumb"},"inLanguage":"en-US","potentialAction":[{"@type":"ReadAction","target":["https:\/\/design.novoambiente.com\/en\/product\/about-a153-chair\/"]}]},{"@type":"BreadcrumbList","@id":"https:\/\/design.novoambiente.com\/en\/product\/about-a153-chair\/#breadcrumb","itemListElement":[{"@type":"ListItem","position":1,"name":"Home","item":"https:\/\/design.novoambiente.com\/en\/"},{"@type":"ListItem","position":2,"name":"Furniture","item":"https:\/\/design.novoambiente.com\/en\/furniture\/"},{"@type":"ListItem","position":3,"name":"About A153 Chair"}]},{"@type":"WebSite","@id":"https:\/\/design.novoambiente.com\/en\/#website","url":"https:\/\/design.novoambiente.com\/en\/","name":"Novo Ambiente | Mobili\u00e1rio","description":"Mobili\u00e1rio de design para casa ou escrit\u00f3rio","publisher":{"@id":"https:\/\/design.novoambiente.com\/en\/#organization"},"potentialAction":[{"@type":"SearchAction","target":{"@type":"EntryPoint","urlTemplate":"https:\/\/design.novoambiente.com\/en\/?s={search_term_string}"},"query-input":{"@type":"PropertyValueSpecification","valueRequired":true,"valueName":"search_term_string"}}],"inLanguage":"en-US"},{"@type":"Organization","@id":"https:\/\/design.novoambiente.com\/en\/#organization","name":"Novo Ambiente | Mobili\u00e1rio","url":"https:\/\/design.novoambiente.com\/en\/","logo":{"@type":"ImageObject","inLanguage":"en-US","@id":"https:\/\/design.novoambiente.com\/en\/#\/schema\/logo\/image\/","url":"https:\/\/design.novoambiente.com\/wp-content\/uploads\/2026\/06\/logo_NA_SP.jpg","contentUrl":"https:\/\/design.novoambiente.com\/wp-content\/uploads\/2026\/06\/logo_NA_SP.jpg","width":1709,"height":1742,"caption":"Novo Ambiente | Mobili\u00e1rio"},"image":{"@id":"https:\/\/design.novoambiente.com\/en\/#\/schema\/logo\/image\/"},"sameAs":["https:\/\/www.facebook.com\/LojaNovoAmbiente","https:\/\/www.instagram.com\/novoambiente"]}]}},"_links":{"self":[{"href":"https:\/\/design.novoambiente.com\/en\/wp-json\/wp\/v2\/product\/164101","targetHints":{"allow":["GET"]}}],"collection":[{"href":"https:\/\/design.novoambiente.com\/en\/wp-json\/wp\/v2\/product"}],"about":[{"href":"https:\/\/design.novoambiente.com\/en\/wp-json\/wp\/v2\/types\/product"}],"wp:attachment":[{"href":"https:\/\/design.novoambiente.com\/en\/wp-json\/wp\/v2\/media?parent=164101"}],"wp:term":[{"taxonomy":"product_brand","embeddable":true,"href":"https:\/\/design.novoambiente.com\/en\/wp-json\/wp\/v2\/product_brand?post=164101"},{"taxonomy":"product_cat","embeddable":true,"href":"https:\/\/design.novoambiente.com\/en\/wp-json\/wp\/v2\/product_cat?post=164101"},{"taxonomy":"product_tag","embeddable":true,"href":"https:\/\/design.novoambiente.com\/en\/wp-json\/wp\/v2\/product_tag?post=164101"},{"taxonomy":"colecao","embeddable":true,"href":"https:\/\/design.novoambiente.com\/en\/wp-json\/wp\/v2\/colecao?post=164101"},{"taxonomy":"3d","embeddable":true,"href":"https:\/\/design.novoambiente.com\/en\/wp-json\/wp\/v2\/3d?post=164101"}],"curies":[{"name":"wp","href":"https:\/\/api.w.org\/{rel}","templated":true}]}}

<!-- This site is optimized with the Yoast SEO plugin v28.4 - https://yoast.com/product/yoast-seo-wordpress/ -->
<title>About A153 Chair - Novo Ambiente | Catálogo</title>
<meta name="robots" content="index, follow, max-snippet:-1, max-image-preview:large, max-video-preview:-1" />
<link rel="canonical" href="https://design.novoambiente.com/en/product/about-a153-chair/" />
<script type="application/ld+json" class="yoast-schema-graph">{"@context":"https:\/\/schema.org","@graph":[{"@type":"WebPage","@id":"https:\/\/design.novoambiente.com\/en\/product\/about-a153-chair\/","url":"https:\/\/design.novoambiente.com\/en\/product\/about-a153-chair\/","name":"About A153 Chair - Novo Ambiente | Catálogo","isPartOf":{"@id":"https:\/\/design.novoambiente.com\/en\/#website"},"datePublished":"2020-12-29T20:14:23+00:00","breadcrumb":{"@id":"https:\/\/design.novoambiente.com\/en\/product\/about-a153-chair\/#breadcrumb"},"inLanguage":"en-US","potentialAction":[{"@type":"ReadAction","target":["https:\/\/design.novoambiente.com\/en\/product\/about-a153-chair\/"]}]},{"@type":"BreadcrumbList","@id":"https:\/\/design.novoambiente.com\/en\/product\/about-a153-chair\/#breadcrumb","itemListElement":[{"@type":"ListItem","position":1,"name":"Home","item":"https:\/\/design.novoambiente.com\/en\/"},{"@type":"ListItem","position":2,"name":"Furniture","item":"https:\/\/design.novoambiente.com\/en\/furniture\/"},{"@type":"ListItem","position":3,"name":"About A153 Chair"}]},{"@type":"WebSite","@id":"https:\/\/design.novoambiente.com\/en\/#website","url":"https:\/\/design.novoambiente.com\/en\/","name":"Novo Ambiente | Mobiliário","description":"Mobiliário de design para casa ou escritório","publisher":{"@id":"https:\/\/design.novoambiente.com\/en\/#organization"},"potentialAction":[{"@type":"SearchAction","target":{"@type":"EntryPoint","urlTemplate":"https:\/\/design.novoambiente.com\/en\/?s={search_term_string}"},"query-input":{"@type":"PropertyValueSpecification","valueRequired":true,"valueName":"search_term_string"}}],"inLanguage":"en-US"},{"@type":"Organization","@id":"https:\/\/design.novoambiente.com\/en\/#organization","name":"Novo Ambiente | Mobiliário","url":"https:\/\/design.novoambiente.com\/en\/","logo":{"@type":"ImageObject","inLanguage":"en-US","@id":"https:\/\/design.novoambiente.com\/en\/#\/schema\/logo\/image\/","url":"https:\/\/design.novoambiente.com\/wp-content\/uploads\/2026\/06\/logo_NA_SP.jpg","contentUrl":"https:\/\/design.novoambiente.com\/wp-content\/uploads\/2026\/06\/logo_NA_SP.jpg","width":1709,"height":1742,"caption":"Novo Ambiente | Mobiliário"},"image":{"@id":"https:\/\/design.novoambiente.com\/en\/#\/schema\/logo\/image\/"},"sameAs":["https:\/\/www.facebook.com\/LojaNovoAmbiente","https:\/\/www.instagram.com\/novoambiente"]}]}</script>
<!-- / Yoast SEO plugin. -->

About A153 Chair - Novo Ambiente | Catálogo

Novo Ambiente | Mobiliário

Mobiliário de design para casa ou escritório
