{"id":163963,"date":"2020-12-29T17:14:42","date_gmt":"2020-12-29T20:14:42","guid":{"rendered":"https:\/\/design.novoambiente.com\/produto\/about-a23-soft-chair\/"},"modified":"2020-12-29T17:14:42","modified_gmt":"2020-12-29T20:14:42","slug":"about-a23-soft-chair","status":"publish","type":"product","link":"https:\/\/design.novoambiente.com\/en\/product\/about-a23-soft-chair\/","title":{"rendered":"About A23 Soft Chair"},"content":{"rendered":"<p>The About A23 Chair has a simple and intuitive form that can either blend in or stand out in any environment. The vertical and open design of the shell balances exceptional comfort with an inviting expression. The many possible combinations of frame, shell, and colors transform the About A23 Chair into an ultra-flexible and versatile celebration of individuality.  <\/p>\n","protected":false},"excerpt":{"rendered":"The About A23 Chair has a simple and intuitive form that can either blend in or stand&#8230;","protected":false},"featured_media":0,"template":"","meta":{"_acf_changed":false},"product_brand":[],"product_cat":[3399],"product_tag":[3840,3778,3784],"colecao":[],"3d":[],"class_list":["post-163963","product","type-product","status-publish","product_cat-cadeira","product_tag-herman-miller","product_tag-imported","product_tag-hay","pa_designer-hee-welling","first","instock","shipping-taxable","product-type-variable"],"acf":[],"yoast_head":"<!-- This site is optimized with the Yoast SEO plugin v28.4 - https:\/\/yoast.com\/product\/yoast-seo-wordpress\/ -->\n<title>About A23 Soft Chair - Novo Ambiente | Cat\u00e1logo<\/title>\n<meta name=\"robots\" content=\"index, follow, max-snippet:-1, max-image-preview:large, max-video-preview:-1\" \/>\n<link rel=\"canonical\" href=\"https:\/\/design.novoambiente.com\/en\/product\/about-a23-soft-chair\/\" \/>\n<script type=\"application\/ld+json\" class=\"yoast-schema-graph\">{\"@context\":\"https:\\\/\\\/schema.org\",\"@graph\":[{\"@type\":\"WebPage\",\"@id\":\"https:\\\/\\\/design.novoambiente.com\\\/en\\\/product\\\/about-a23-soft-chair\\\/\",\"url\":\"https:\\\/\\\/design.novoambiente.com\\\/en\\\/product\\\/about-a23-soft-chair\\\/\",\"name\":\"About A23 Soft Chair - Novo Ambiente | Cat\u00e1logo\",\"isPartOf\":{\"@id\":\"https:\\\/\\\/design.novoambiente.com\\\/en\\\/#website\"},\"datePublished\":\"2020-12-29T20:14:42+00:00\",\"breadcrumb\":{\"@id\":\"https:\\\/\\\/design.novoambiente.com\\\/en\\\/product\\\/about-a23-soft-chair\\\/#breadcrumb\"},\"inLanguage\":\"en-US\",\"potentialAction\":[{\"@type\":\"ReadAction\",\"target\":[\"https:\\\/\\\/design.novoambiente.com\\\/en\\\/product\\\/about-a23-soft-chair\\\/\"]}]},{\"@type\":\"BreadcrumbList\",\"@id\":\"https:\\\/\\\/design.novoambiente.com\\\/en\\\/product\\\/about-a23-soft-chair\\\/#breadcrumb\",\"itemListElement\":[{\"@type\":\"ListItem\",\"position\":1,\"name\":\"Home\",\"item\":\"https:\\\/\\\/design.novoambiente.com\\\/en\\\/\"},{\"@type\":\"ListItem\",\"position\":2,\"name\":\"Furniture\",\"item\":\"https:\\\/\\\/design.novoambiente.com\\\/en\\\/furniture\\\/\"},{\"@type\":\"ListItem\",\"position\":3,\"name\":\"About A23 Soft Chair\"}]},{\"@type\":\"WebSite\",\"@id\":\"https:\\\/\\\/design.novoambiente.com\\\/en\\\/#website\",\"url\":\"https:\\\/\\\/design.novoambiente.com\\\/en\\\/\",\"name\":\"Novo Ambiente | Mobili\u00e1rio\",\"description\":\"Mobili\u00e1rio de design para casa ou escrit\u00f3rio\",\"publisher\":{\"@id\":\"https:\\\/\\\/design.novoambiente.com\\\/en\\\/#organization\"},\"potentialAction\":[{\"@type\":\"SearchAction\",\"target\":{\"@type\":\"EntryPoint\",\"urlTemplate\":\"https:\\\/\\\/design.novoambiente.com\\\/en\\\/?s={search_term_string}\"},\"query-input\":{\"@type\":\"PropertyValueSpecification\",\"valueRequired\":true,\"valueName\":\"search_term_string\"}}],\"inLanguage\":\"en-US\"},{\"@type\":\"Organization\",\"@id\":\"https:\\\/\\\/design.novoambiente.com\\\/en\\\/#organization\",\"name\":\"Novo Ambiente | Mobili\u00e1rio\",\"url\":\"https:\\\/\\\/design.novoambiente.com\\\/en\\\/\",\"logo\":{\"@type\":\"ImageObject\",\"inLanguage\":\"en-US\",\"@id\":\"https:\\\/\\\/design.novoambiente.com\\\/en\\\/#\\\/schema\\\/logo\\\/image\\\/\",\"url\":\"https:\\\/\\\/design.novoambiente.com\\\/wp-content\\\/uploads\\\/2026\\\/06\\\/logo_NA_SP.jpg\",\"contentUrl\":\"https:\\\/\\\/design.novoambiente.com\\\/wp-content\\\/uploads\\\/2026\\\/06\\\/logo_NA_SP.jpg\",\"width\":1709,\"height\":1742,\"caption\":\"Novo Ambiente | Mobili\u00e1rio\"},\"image\":{\"@id\":\"https:\\\/\\\/design.novoambiente.com\\\/en\\\/#\\\/schema\\\/logo\\\/image\\\/\"},\"sameAs\":[\"https:\\\/\\\/www.facebook.com\\\/LojaNovoAmbiente\",\"https:\\\/\\\/www.instagram.com\\\/novoambiente\"]}]}<\/script>\n<!-- \/ Yoast SEO plugin. -->","yoast_head_json":{"title":"About A23 Soft Chair - Novo Ambiente | Cat\u00e1logo","robots":{"index":"index","follow":"follow","max-snippet":"max-snippet:-1","max-image-preview":"max-image-preview:large","max-video-preview":"max-video-preview:-1"},"canonical":"https:\/\/design.novoambiente.com\/en\/product\/about-a23-soft-chair\/","schema":{"@context":"https:\/\/schema.org","@graph":[{"@type":"WebPage","@id":"https:\/\/design.novoambiente.com\/en\/product\/about-a23-soft-chair\/","url":"https:\/\/design.novoambiente.com\/en\/product\/about-a23-soft-chair\/","name":"About A23 Soft Chair - Novo Ambiente | Cat\u00e1logo","isPartOf":{"@id":"https:\/\/design.novoambiente.com\/en\/#website"},"datePublished":"2020-12-29T20:14:42+00:00","breadcrumb":{"@id":"https:\/\/design.novoambiente.com\/en\/product\/about-a23-soft-chair\/#breadcrumb"},"inLanguage":"en-US","potentialAction":[{"@type":"ReadAction","target":["https:\/\/design.novoambiente.com\/en\/product\/about-a23-soft-chair\/"]}]},{"@type":"BreadcrumbList","@id":"https:\/\/design.novoambiente.com\/en\/product\/about-a23-soft-chair\/#breadcrumb","itemListElement":[{"@type":"ListItem","position":1,"name":"Home","item":"https:\/\/design.novoambiente.com\/en\/"},{"@type":"ListItem","position":2,"name":"Furniture","item":"https:\/\/design.novoambiente.com\/en\/furniture\/"},{"@type":"ListItem","position":3,"name":"About A23 Soft Chair"}]},{"@type":"WebSite","@id":"https:\/\/design.novoambiente.com\/en\/#website","url":"https:\/\/design.novoambiente.com\/en\/","name":"Novo Ambiente | Mobili\u00e1rio","description":"Mobili\u00e1rio de design para casa ou escrit\u00f3rio","publisher":{"@id":"https:\/\/design.novoambiente.com\/en\/#organization"},"potentialAction":[{"@type":"SearchAction","target":{"@type":"EntryPoint","urlTemplate":"https:\/\/design.novoambiente.com\/en\/?s={search_term_string}"},"query-input":{"@type":"PropertyValueSpecification","valueRequired":true,"valueName":"search_term_string"}}],"inLanguage":"en-US"},{"@type":"Organization","@id":"https:\/\/design.novoambiente.com\/en\/#organization","name":"Novo Ambiente | Mobili\u00e1rio","url":"https:\/\/design.novoambiente.com\/en\/","logo":{"@type":"ImageObject","inLanguage":"en-US","@id":"https:\/\/design.novoambiente.com\/en\/#\/schema\/logo\/image\/","url":"https:\/\/design.novoambiente.com\/wp-content\/uploads\/2026\/06\/logo_NA_SP.jpg","contentUrl":"https:\/\/design.novoambiente.com\/wp-content\/uploads\/2026\/06\/logo_NA_SP.jpg","width":1709,"height":1742,"caption":"Novo Ambiente | Mobili\u00e1rio"},"image":{"@id":"https:\/\/design.novoambiente.com\/en\/#\/schema\/logo\/image\/"},"sameAs":["https:\/\/www.facebook.com\/LojaNovoAmbiente","https:\/\/www.instagram.com\/novoambiente"]}]}},"_links":{"self":[{"href":"https:\/\/design.novoambiente.com\/en\/wp-json\/wp\/v2\/product\/163963","targetHints":{"allow":["GET"]}}],"collection":[{"href":"https:\/\/design.novoambiente.com\/en\/wp-json\/wp\/v2\/product"}],"about":[{"href":"https:\/\/design.novoambiente.com\/en\/wp-json\/wp\/v2\/types\/product"}],"wp:attachment":[{"href":"https:\/\/design.novoambiente.com\/en\/wp-json\/wp\/v2\/media?parent=163963"}],"wp:term":[{"taxonomy":"product_brand","embeddable":true,"href":"https:\/\/design.novoambiente.com\/en\/wp-json\/wp\/v2\/product_brand?post=163963"},{"taxonomy":"product_cat","embeddable":true,"href":"https:\/\/design.novoambiente.com\/en\/wp-json\/wp\/v2\/product_cat?post=163963"},{"taxonomy":"product_tag","embeddable":true,"href":"https:\/\/design.novoambiente.com\/en\/wp-json\/wp\/v2\/product_tag?post=163963"},{"taxonomy":"colecao","embeddable":true,"href":"https:\/\/design.novoambiente.com\/en\/wp-json\/wp\/v2\/colecao?post=163963"},{"taxonomy":"3d","embeddable":true,"href":"https:\/\/design.novoambiente.com\/en\/wp-json\/wp\/v2\/3d?post=163963"}],"curies":[{"name":"wp","href":"https:\/\/api.w.org\/{rel}","templated":true}]}}

<!-- This site is optimized with the Yoast SEO plugin v28.4 - https://yoast.com/product/yoast-seo-wordpress/ -->
<title>About A23 Soft Chair - Novo Ambiente | Catálogo</title>
<meta name="robots" content="index, follow, max-snippet:-1, max-image-preview:large, max-video-preview:-1" />
<link rel="canonical" href="https://design.novoambiente.com/en/product/about-a23-soft-chair/" />
<script type="application/ld+json" class="yoast-schema-graph">{"@context":"https:\/\/schema.org","@graph":[{"@type":"WebPage","@id":"https:\/\/design.novoambiente.com\/en\/product\/about-a23-soft-chair\/","url":"https:\/\/design.novoambiente.com\/en\/product\/about-a23-soft-chair\/","name":"About A23 Soft Chair - Novo Ambiente | Catálogo","isPartOf":{"@id":"https:\/\/design.novoambiente.com\/en\/#website"},"datePublished":"2020-12-29T20:14:42+00:00","breadcrumb":{"@id":"https:\/\/design.novoambiente.com\/en\/product\/about-a23-soft-chair\/#breadcrumb"},"inLanguage":"en-US","potentialAction":[{"@type":"ReadAction","target":["https:\/\/design.novoambiente.com\/en\/product\/about-a23-soft-chair\/"]}]},{"@type":"BreadcrumbList","@id":"https:\/\/design.novoambiente.com\/en\/product\/about-a23-soft-chair\/#breadcrumb","itemListElement":[{"@type":"ListItem","position":1,"name":"Home","item":"https:\/\/design.novoambiente.com\/en\/"},{"@type":"ListItem","position":2,"name":"Furniture","item":"https:\/\/design.novoambiente.com\/en\/furniture\/"},{"@type":"ListItem","position":3,"name":"About A23 Soft Chair"}]},{"@type":"WebSite","@id":"https:\/\/design.novoambiente.com\/en\/#website","url":"https:\/\/design.novoambiente.com\/en\/","name":"Novo Ambiente | Mobiliário","description":"Mobiliário de design para casa ou escritório","publisher":{"@id":"https:\/\/design.novoambiente.com\/en\/#organization"},"potentialAction":[{"@type":"SearchAction","target":{"@type":"EntryPoint","urlTemplate":"https:\/\/design.novoambiente.com\/en\/?s={search_term_string}"},"query-input":{"@type":"PropertyValueSpecification","valueRequired":true,"valueName":"search_term_string"}}],"inLanguage":"en-US"},{"@type":"Organization","@id":"https:\/\/design.novoambiente.com\/en\/#organization","name":"Novo Ambiente | Mobiliário","url":"https:\/\/design.novoambiente.com\/en\/","logo":{"@type":"ImageObject","inLanguage":"en-US","@id":"https:\/\/design.novoambiente.com\/en\/#\/schema\/logo\/image\/","url":"https:\/\/design.novoambiente.com\/wp-content\/uploads\/2026\/06\/logo_NA_SP.jpg","contentUrl":"https:\/\/design.novoambiente.com\/wp-content\/uploads\/2026\/06\/logo_NA_SP.jpg","width":1709,"height":1742,"caption":"Novo Ambiente | Mobiliário"},"image":{"@id":"https:\/\/design.novoambiente.com\/en\/#\/schema\/logo\/image\/"},"sameAs":["https:\/\/www.facebook.com\/LojaNovoAmbiente","https:\/\/www.instagram.com\/novoambiente"]}]}</script>
<!-- / Yoast SEO plugin. -->

About A23 Soft Chair - Novo Ambiente | Catálogo

Novo Ambiente | Mobiliário

Mobiliário de design para casa ou escritório
